se 5 = 5*y + g - 2*g, 5*y - 4*g - 20 = 0. Suppose 3*p - 9 = 0, -2*u + y*u = 2*p - 10. What is the units digit of 3 - (1 + u)/(-3)?
4
Let t be (-4)/(-1)*28/8. Suppose 44 = 3*g - 0*v - 4*v, -2*g + t = 5*v. What is the tens digit of g?
1
Suppose 3*k = 12, -j - 5*k - 78 = -228. What is the tens digit of j?
3
Suppose g = d - 6, 4*g + 15 = -0*d + d. Suppose -d*f + 56 = 8. What is the units digit of f?
6
Let q(t) = -t**3 - 2*t**2 - t. Let d be q(-2). Suppose -2*p = d*p - 12. Suppose -7*n + 28 = -p*n. What is the units digit of n?
7
Let z(c) = c**2 - c + 4. What is the units digit of z(-8)?
6
Let o(h) = h - 8. Let c be o(10). Suppose c*w - 21 = 15. Let y = w + -6. What is the tens digit of y?
1
Suppose 0*t - 100 = -5*g + 5*t, -g = 5*t - 8. What is the units digit of g?
8
Suppose 0 = y + 2*s - 62, -2*y - 35 + 123 = -5*s. What is the units digit of y?
4
Suppose -10*j + 1009 = -401. What is the hundreds digit of j?
1
What is the units digit of (1244/12)/((-1)/(-3))?
1
Let s(k) = -1 + 0 - k**3 - 6*k**3. What is the units digit of s(-1)?
6
Let c(k) = k - 3. What is the units digit of c(4)?
1
Let x be 2/6*(40 + -1). Suppose 4*d - 5*r - 23 = d, r = -d + x. What is the tens digit of d?
1
Suppose 0 = 2*g - 5*h - 14, -g = -4*g + 5*h + 21. What is the units digit of g?
7
Let c(u) = -14*u**2 - 16*u + 7. Let k(s) = 5*s**2 + 5*s - 2. Let w(r) = 4*c(r) + 11*k(r). What is the tens digit of w(-7)?
2
Let y be ((-5)/(-2))/((-1)/(-2)). Suppose y*x = -5*p + 260, 5*p + 2*x - 248 = -0*p. What is the tens digit of p?
4
Let c = 8 + 5. Let r = c + -5. What is the units digit of r?
8
Let s(a) = -a**3 - 10*a**2 + 2*a + 15. Let v be s(-10). Let b(m) = -1 - 2*m - 3 - 2. What is the units digit of b(v)?
4
Suppose 2*w - 3*z = -0*z + 38, -4*w + z = -56. What is the tens digit of w?
1
Suppose -2*z = 2*d - 4, d - 1 = 5*d - 5*z. Suppose y - 2 = -d. What is the units digit of y?
1
Let n(q) = -2*q**3 - 10*q**2 - 12*q + 6. What is the tens digit of n(-6)?
5
Suppose 4*g = -3*x + 122, -3*x - 7*g = -2*g - 121. What is the tens digit of x?
4
Let m be (6/9)/((-4)/(-6)). Suppose u + m = 5. Suppose 0 = -5*k + u*c - 3*c + 49, 0 = -5*k + 5*c + 45. What is the tens digit of k?
1
Let p be 18*((-3)/2)/(-3). Let a be (p/(-6))/((-1)/2). Suppose -a*n = -n - 14. What is the units digit of n?
7
Let i be (14/3)/((-1)/(-3)). Let u = i - 24. What is the units digit of (-2)/5 - 94/u?
9
Let v be (-4)/(-10) - (-3)/5. Suppose 3 - v = n. Let y(d) = 2*d - 2. What is the units digit of y(n)?
2
Let v(b) = -b**3 + 5*b**2 + 8*b - 7. Let j be v(6). Suppose 5*w + 2 + 3 = 5*i, -5*i = 2*w - j. Let u = 6 - w. What is the units digit of u?
6
Let w(i) = 2*i**2 - 5*i + 2. Let d be w(3). Suppose -h - y = 4*y + 15, d*y + 15 = 0. What is the units digit of 12*((-3)/(-6) + h)?
6
Let f be (-1 - (-10)/4)*-2. What is the units digit of f - 5/((-15)/54)?
5
Let d(s) = -s**2 - 6*s + 8. Let c be d(-7). Suppose 2*y + c = 23. What is the tens digit of y?
1
Suppose 3*y - 2*i - 21 = 0, 3*i - 7 + 26 = 2*y. What is the units digit of y?
5
Let p be 3/((-6)/(-4)*-1). Let h(t) = 4*t**3 + 2*t**2 - t. Let f be h(p). Let k = f - -33. What is the units digit of k?
1
What is the tens digit of (1 - (-12)/16)/(2/88)?
7
Suppose 4*m + 5*s - 1399 + 235 = 0, 2*m + 2*s = 580. What is the tens digit of m?
8
Suppose 0 = 4*x - 2*w + 16, -3*x + 0*x - w = 12. Suppose -3*u + 10 = -17. Let b = x + u. What is the units digit of b?
5
Let r be (-4)/16 - (-5)/4. Let o = 3 - r. What is the units digit of o?
2
Let f = 313 + -178. What is the tens digit of f?
3
Suppose -585 = -15*a + 10*a. What is the units digit of a?
7
Suppose 2*o = -3*o + 25. Suppose 0*h = o*h - 10. Let d = h + 3. What is the units digit of d?
5
Suppose -5*y - 19 = -3*l, 5*y + 0*y + 7 = -l. Suppose 4*z - 116 = -4*q, 0 = q - l*q + z + 52. What is the units digit of 130/18 + (-6)/q?
7
Let c(l) = l**2 + 5 - 5*l - 7 - 2. What is the tens digit of c(7)?
1
Let x(z) = 3*z + 12. What is the tens digit of x(10)?
4
Suppose v + u = -2*v + 18, 0 = v - 4*u - 19. Let f = v + -2. Suppose -f*j + 10 = -5*q, -5*j + 34 = q - 0*q. What is the units digit of j?
6
Let g = 4 + -4. Suppose 4*k = m + 27, -9 = -3*k - g*m + 3*m. Let h(c) = c + 3. What is the tens digit of h(k)?
1
Let y be 5*((-4)/(-5))/(-1). Let q = 4 - y. What is the units digit of q?
8
Suppose 0 = -2*d - 0*d + 18. Let g be d*(3/9 - 0). Let k = g - -4. What is the units digit of k?
7
Let d(f) = f**3 - 7*f**2 + 3*f. What is the tens digit of d(7)?
2
Suppose -3*b = -4*r - 32, b - 4*b + 3*r = -36. What is the units digit of b?
6
Suppose -2*p = -0 - 36. What is the units digit of p?
8
Suppose 4*u + 20 = 0, 0 = 2*g - u - 13 + 4. Let r be 1/g*(35 + -1). Suppose -2*v - 43 = -5*i - v, -r = -i + 3*v. What is the units digit of i?
8
Let m(n) be the third derivative of 3*n**2 + 0*n + 0*n**4 - 1/6*n**3 + 0 + 13/60*n**5. What is the units digit of m(-1)?
2
Let j = 295 + -558. What is the units digit of j/(-9) + (-16)/72?
9
Suppose 35*b = 37*b - 96. What is the tens digit of b?
4
Let h(u) = u**3 - u + 55. What is the units digit of h(0)?
5
Let y = 22 - 33. Let c = -10 - y. What is the units digit of c?
1
Suppose -3*p = -8*p. Suppose -y + h + 2 - 4 = 0, p = -4*y - 2*h + 10. Suppose y = k - 4. What is the units digit of k?
5
Let f = -6 - -26. What is the tens digit of f?
2
Suppose 1162 = 7*x - 42. What is the tens digit of x?
7
Suppose -10*c = 20 - 210. What is the units digit of c?
9
Suppose -4*m = -2*x - 86 + 244, -x - 155 = 4*m. Let y = m - -66. What is the units digit of y?
7
Suppose -8 = -2*k + w, -4*w = 5*k - 10 - 10. Suppose 4*a - n - 36 = 0, -k*a - n + 20 = 2*n. What is the units digit of a?
8
Let y(r) = r**3 - 4*r**2 - 7*r - 4. What is the tens digit of y(6)?
2
Let i(n) = n**2 + 66. What is the tens digit of i(0)?
6
Let n(g) = -g**3 - g**3 - 3*g**2 + 0*g**2. Let b be n(-2). Suppose 5*q + k - 31 = 0, 0 = -b*q + 3*q + 2*k + 15. What is the units digit of q?
7
Let x(n) = n**2 - n - 4. Suppose -2*c = 3*b - 23, 2*b + 3*b - c - 21 = 0. What is the tens digit of x(b)?
1
Let a(p) = p - 10. Let w be a(14). Suppose -w*n + 10 = -2*n. What is the units digit of n?
5
Let k = 12 - 21. Let h = k + 18. What is the units digit of h?
9
Let n = 83 - 43. What is the tens digit of n?
4
Let t be 10/6 - 1/(-3). Suppose -22 = -3*a + 26. Suppose -t - a = -3*j. What is the units digit of j?
6
Let v(p) = -2*p + 25. What is the tens digit of v(-13)?
5
Let k = 12 + -2. What is the tens digit of k?
1
Let a be ((-3)/(-6))/(2/(-4)). Let k be (0/(1 - a))/3. Suppose -5*l - 6 + 41 = k. What is the units digit of l?
7
Suppose 0*c + m = -3*c + 18, -5*m = -4*c + 5. Suppose 4*o - 5*v - 52 = 0, v - 6*v - 70 = -c*o. What is the tens digit of o?
1
Let j = 20 - -20. What is the tens digit of j/(-12)*(-6)/2?
1
Let p(j) = -j**3 - 10*j**2 + j - 9. Let z be p(-10). What is the tens digit of z*(1 + 0)*-1?
1
Let y = -16 + 22. Suppose 0 = 2*j + 5*v + y, -4*j + 4*v - 6 = 6. What is the units digit of j - -12 - (-2)/(-2)?
8
Let v = 199 + -95. What is the units digit of v?
4
Let i(j) = -j**2 + j - 2. Let a be i(3). Let r be -2 - 10 - (-7 - -6). Let v = a - r. What is the units digit of v?
3
What is the tens digit of (-6)/21 - (-1614)/14?
1
Suppose 5*m + 5*s - 35 = 0, 4*s = -s - 20. What is the units digit of m?
1
Let h = -7 - -25. Suppose m = -0*m + h. What is the units digit of m?
8
Let o(v) = -v**3 - 6*v**2 - 5*v - 2. Let d be o(-6). Let x = d + -4. What is the tens digit of x?
2
Let i = -42 - -25. Let k = -16 - i. What is the units digit of k?
1
Suppose 4*j = -0*j + 24. Let m(u) = j*u**3 - 1 + 1 - u + 2*u**2 + 0. What is the units digit of m(1)?
7
Suppose 2*j + 4*y - 122 = 0, -2*j + 6*y + 138 = 2*y. What is the tens digit of j?
6
Let l(f) = -3 + 3 + 14*f - 4*f. What is the tens digit of l(3)?
3
Let h = -5 + 4. Let z = h + 33. What is the units digit of z?
2
What is the units digit of (-1 + 3 - 6) + 56?
2
Let j(k) = k**3 + k**2 - 9*k + 11. What is the tens digit of j(5)?
1
Let s = 43 + 96. What is the units digit of s?
9
What is the tens digit of (-18)/(-24) - (-157)/4?
4
Let l = 2 - -8. Let s = l - -4. What is the units digit of s?
4
Let y(t) = -t**3 - 2*t**2 - 3*t + 1. Let q be y(-4). Let r be -30*-3*6/q. Suppose -2*a + a - 4 = 2*z, -3*a + r = -2*z. What is the units digit of a?
2
Suppose -5*i = -182 - 13. What